 divided by o?
11
Calculate the remainder when 69 is divided by (4*(-45)/70)/(3/(-28)).
21
Let s = 10 - 9. Suppose -5 = -2*g + s. Calculate the remainder when 5 is divided by g.
2
Let f = -29 + 51. Calculate the remainder when f is divided by 5.
2
Let x be 37 + 0 + 2/(-1). Let q be (-65 + 1)/((-10)/x). Suppose 4*l + p + 0*p = q, 0 = 2*l - 4*p - 112. What is the remainder when l is divided by 19?
18
Suppose -4*y + 61 = 1. Suppose 173 = 5*f - 117. Calculate the remainder when f is divided by y.
13
Let g = -81 + 157. Calculate the remainder when g is divided by 13.
11
Let u(d) be the second derivative of 2*d**3/3 - d. What is the remainder when 30 is divided by u(4)?
14
Suppose -5*g + 9 = -41. Let s(q) = 6*q. Let d be s(5). Let f = -1 + d. Calculate the remainder when f is divided by g.
9
Let h be 1/4 - 19/(-4). Suppose -h*l + 3*l = 12. Calculate the remainder when l/(-15) + (-246)/(-10) is divided by 9.
7
Let o = 134 - 61. What is the remainder when o is divided by 25?
23
Let z = 5 + -4. Let u = z - 3. What is the remainder when u/(1 + -3) - -11 is divided by 7?
5
Let n(u) = -u + 5. Calculate the remainder when 24 is divided by n(0).
4
Let s(j) = -j**3 + j**2 + j + 4. Let d be s(3). Calculate the remainder when 3/(-3)*3*d is divided by 17.
16
Let r(b) = 0 + 1 - 2*b + 4*b. Let z(w) = -8*w - 3. Let q(k) = 9*r(k) + 2*z(k). What is the remainder when 38 is divided by q(5)?
12
Suppose l = 3*m - 10, 4*l - 13 = -m - 1. Suppose n + 9 = 4*a, 4*n - 19 = -m*a + 5. Let v(y) = -3*y - 6. Calculate the remainder when v(-4) is divided by a.
0
Suppose -2*t = -m - 7, 7 = t - 4*m - 0*m. Let r be -1*t*(-2 + 1). Suppose 0 = 4*q - r*q - 10. Calculate the remainder when q is divided by 6.
4
Let a(q) = 3*q**2 - 4*q + 1. Suppose -8 - 1 = -3*r. Calculate the remainder when 30 is divided by a(r).
14
Suppose 0 = -0*i - i + 11. What is the remainder when 19 is divided by i?
8
What is the remainder when 13 - ((4 - 2) + -3) is divided by 5?
4
Suppose 38 = 4*w - 3*w. Let u = -18 + w. What is the remainder when u is divided by 11?
9
Let d(z) = z**3 + 2*z. Let n be d(-2). Let q = 33 + n. What is the remainder when q is divided by 11?
10
Let a(x) = -2*x + 1. Suppose -4*z = -h - 3*h - 28, -27 = 3*h - 5*z. Let b be -5 - (h + 2 - -2). What is the remainder when 21 is divided by a(b)?
10
Let n(h) = h + 6. Let w be n(-6). Suppose w = -3*k + k + 4. What is the remainder when 4 is divided by k?
0
Let z(r) = r**2 + 4*r + 5. Let q be 2/((0 - 3)/(-6)). Calculate the remainder when z(q) is divided by 10.
7
Suppose -25 = 4*j + 59. Let w = j - -37. Calculate the remainder when (3 + -1 - 49)*-1 is divided by w.
15
Suppose 10*y - 546 + 16 = 0. What is the remainder when y is divided by 9?
8
Suppose -4*v + 2*g + 74 = 0, -2*v = 3*v + g - 82. What is the remainder when v is divided by -2 + (0 - -6) + 2?
5
Suppose -2*d = -3*v - 66, 4*d + 3*v = v + 164. Let m(i) = -13*i + 1. Suppose 5*y = -1 - 4. What is the remainder when d is divided by m(y)?
11
Let g(b) = -b**3 + 12*b**2 + 16*b - 10. What is the remainder when g(13) is divided by 9?
2
Let u(y) = y**3 - 7*y**2 + y - 3. Let r be u(7). Suppose -4*p + r = -0. Calculate the remainder when p/3*495/5 is divided by 17.
16
Suppose -4*k = -4*g + 52, -3*g + 0*k + 55 = 5*k. What is the remainder when g is divided by 4?
3
Suppose 82 = 3*d - 113. What is the remainder when d is divided by 17?
14
Calculate the remainder when 6/(-10) - ((-1152)/20 - 0) is divided by (5 - 0)*3 + 0.
12
Let n(g) be the third derivative of g**4/12 + 8*g**3/3 - 7*g**2. What is the remainder when n(11) is divided by 14?
10
Suppose -5*a + 5*u + 60 = 0, -2*a - 4*u = 10 - 4. Suppose -a*z + 3*z = -16. What is the remainder when 12 is divided by z?
0
Suppose 0 = 2*o + 4 - 36. Suppose -5*l + o = -l. Suppose 33 = t + l*h, t - 4*h + 84 = 5*t. What is the remainder when t is divided by 6?
5
Calculate the remainder when 3*-3*(-305)/15 is divided by 37.
35
Let x(s) = s + 13. What is the remainder when 10 is divided by x(-11)?
0
Let g(p) = p**2 + p + 1. Let d be 2 + (-2)/(-6)*0. What is the remainder when 20 is divided by g(d)?
6
Let h = -6 + 38. Suppose p = 73 - 12. Calculate the remainder when p is divided by h.
29
Suppose 5*z - 5*l = 125, 4*z = 2*z + 3*l + 45. Calculate the remainder when z is divided by ((-8)/1)/((-6)/6).
6
Let x be (-88)/(-33)*(-18)/(-1). Suppose -x = -3*n + 6. What is the remainder when n is divided by 5?
3
Let a be (-3)/(-2) + 2/4. Let n be (1 + (-3)/a)*-4. Suppose 102 = u + n*u. Calculate the remainder when u is divided by 12.
10
Suppose 2*v + 10 = 0, -5*y + 10*v = 5*v - 45. Suppose 8*g = y*g + 32. What is the remainder when 15 is divided by g?
7
Suppose 3*m + 12 = 2*i - m, -4*i + m - 4 = 0. Let u = 0 - i. Suppose 0 = -3*j - 9, 0*j + 4*j = -5*h - u. What is the remainder when 4 is divided by h?
0
Suppose 0 = -2*v - 4*k + 2, -5*v + 9 = -6*v + 3*k. Let c(j) = -5*j + 2. Calculate the remainder when 33 is divided by c(v).
16
Let z(y) = -4*y**3 - 9*y**2 - y - 7. What is the remainder when z(-4) is divided by 37?
35
Let v = 25 + -20. What is the remainder when v is divided by (3/3)/((-1)/(-2))?
1
Suppose -a = -2*a. Suppose 3*u = -2*u - 3*s + 57, -4*u + 3*s + 24 = a. Calculate the remainder when u is divided by 4.
1
Suppose 7*l - 119 = 224. What is the remainder when l is divided by 26?
23
Suppose -99 = -4*i + 2*j + 21, -60 = -2*i + 3*j. Suppose -141 + 54 = -o. What is the remainder when o is divided by i?
27
Suppose 3*c = 12 - 3. Let g(o) = 3*o**2 - o - 5. Let x(y) = 4*y**2 - 5. Let u(r) = -5*g(r) + 4*x(r). What is the remainder when u(-5) is divided by c?
2
Let p be 6/(-3) + 1 + -12. Let g = 30 + p. Calculate the remainder when 33 is divided by g.
16
Calculate the remainder when (3 - 4)/(-3 + 2)*17 is divided by 6.
5
Let q be (10/(-10))/((-2)/2). Let j = 2 + 0. What is the remainder when 3 - (-2 - (-2 - q)) is divided by j?
0
Suppose 0 = -3*o - 0*o + 21. Let m(h) = 5*h - 9. What is the remainder when m(o) is divided by 7?
5
Let y = 101 - 88. Let m(q) = q**3 + 6*q**2 - 8*q + 6. Let n be m(-7). Suppose -48 = -5*v - n. What is the remainder when y is divided by v?
6
Let w(q) = 2*q**2 - 3*q - 6. What is the remainder when 24 is divided by w(4)?
10
Let s(l) = 25*l**3 + 2*l**2 - 3*l. Calculate the remainder when 69 is divided by s(1).
21
Let s(d) = d**2 + 5*d - 4. Let z be s(-5). Let n be (2/4)/(z/(-240)). Calculate the remainder when 21 is divided by ((-108)/n)/(3/(-10)).
9
Suppose -5*m = 5*i - 75, 4*m - 9*i - 54 = -11*i. Calculate the remainder when 155 is divided by m.
11
Suppose j = -2*j + 141. Suppose -4*c - 5*h + 12 + 19 = 0, -23 = -5*c - h. Suppose -c*l + j = -9. Calculate the remainder when 54 is divided by l.
12
What is the remainder when ((-304)/6)/(1 + 4/(-3)) is divided by 22?
20
Let i = 15 - 10. Suppose -3*j + 2 = y, -i*y + 10 = -j - 2*j. What is the remainder when y is divided by 2?
0
Let j = 9 - 6. Let z(k) be the first derivative of 5*k**3/3 - k**2/2 + 2*k + 1. Calculate the remainder when z(j) is divided by 15.
14
Let r be -4 - (1 + 1 - 23). Suppose -3*n - 2*a + r = 0, -n - 5*a = -19 - 4. Calculate the remainder when 8 is divided by n.
2
Let n(m) = 7*m - 6. Calculate the remainder when n(6) is divided by 22.
14
Suppose 0*s + 4*s = 28. Calculate the remainder when 38 is divided by s.
3
Suppose -3*z = -3*g - g + 261, -3*g + 217 = 2*z. What is the remainder when g is divided by 18?
15
Suppose 17 - 2 = -5*w. Let g be 2*(-4)/((-8)/15). Let j = g + w. Calculate the remainder when j is divided by 7.
5
Suppose 4*p - 16 - 12 = 0. Let g be (-2 + -4)/(-1 - 1). Suppose g*y = n + 69 - 28, 4*y + 5*n = 42. What is the remainder when y is divided by p?
6
Let s = 31 + -22. Suppose 5*h - 34 = -s, 82 = 4*d - 2*h. Calculate the remainder when d is divided by 12.
11
Let n(u) = -u**3 - 5*u**2 - 6*u + 2. What is the remainder when n(-3) is divided by 2?
0
Let d(p) = -p**2 + 7*p - 3. Let w(l) = 11*l + 1. Let r be w(4). What is the remainder when d(5) is divided by -5*(-3)/(r/12)?
3
Suppose -18 - 2 = -5*z. Calculate the remainder when 5 is divided by z.
1
What is the remainder when 39 is divided by (-195)/(-27) - -3 - 4/18?
9
Let a be (1 - -3)/((-2)/(-25)). Suppose -a = -4*g + c, 0 = -4*g + 2*c - 21 + 69. Calculate the remainder when 50 is divided by g.
11
Let s(q) = q**3 - 6*q**2 - q 